of 11708282.
2, 5854141
What are the prime factors of 227135?
5, 45427
List the prime factors of 26261449.
83, 316403
List the prime factors of 249323.
283, 881
List the prime factors of 358154.
2, 131, 1367
What are the prime factors of 675519?
3, 13, 17321
List the prime factors of 1493756.
2, 11, 17, 1997
List the prime factors of 1347672.
2, 3, 233, 241
What are the prime factors of 7392468?
2, 3, 61, 10099
What are the prime factors of 768040?
2, 5, 7, 13, 211
List the prime factors of 456664.
2, 13, 4391
List the prime factors of 3660163.
13, 281551
List the prime factors of 441457.
61, 7237
List the prime factors of 941.
941
What are the prime factors of 251638?
2, 47, 2677
List the prime factors of 513654.
2, 3, 59, 1451
What are the prime factors of 420975?
3, 5, 1871
List the prime factors of 618286.
2, 23, 13441
List the prime factors of 4047430.
2, 5, 37, 10939
What are the prime factors of 266625?
3, 5, 79
List the prime factors of 2115032.
2, 59, 4481
List the prime factors of 6188809.
11, 31, 18149
List the prime factors of 2184267.
3, 67, 10867
What are the prime factors of 486814?
2, 401, 607
What are the prime factors of 2177846?
2, 11, 98993
What are the prime factors of 6691895?
5, 7, 19, 29, 347
List the prime factors of 27734987.
7, 23, 31, 5557
List the prime factors of 249874.
2, 101, 1237
What are the prime factors of 4896435?
3, 5, 197, 1657
List the prime factors of 725640.
2, 3, 5, 6047
What are the prime factors of 124807?
137, 911
What are the prime factors of 6216480?
2, 3, 5, 1439
List the prime factors of 2330574.
2, 3, 163, 2383
List the prime factors of 209088.
2, 3, 11
List the prime factors of 235355.
5, 103, 457
List the prime factors of 36370.
2, 5, 3637
What are the prime factors of 76109?
11, 17, 37
What are the prime factors of 3255377?
3255377
What are the prime factors of 178387?
11, 16217
What are the prime factors of 25762571?
25762571
List the prime factors of 8215256.
2, 7, 146701
List the prime factors of 3599028.
2, 3, 257, 389
What are the prime factors of 10224653?
349, 29297
List the prime factors of 18215149.
23, 61, 12983
What are the prime factors of 27919504?
2, 47, 137, 271
What are the prime factors of 210262?
2, 13, 8087
List the prime factors of 18814218.
2, 3, 19, 165037
List the prime factors of 100559.
100559
List the prime factors of 924433.
29, 127, 251
What are the prime factors of 3642841?
31, 117511
List the prime factors of 31482386.
2, 13, 47, 25763
List the prime factors of 93971.
93971
List the prime factors of 13813067.
89, 155203
List the prime factors of 536049.
3, 59561
List the prime factors of 11224406.
2, 41, 136883
What are the prime factors of 2560674?
2, 3, 426779
List the prime factors of 213737.
213737
What are the prime factors of 14200650?
2, 3, 5, 67, 157
List the prime factors of 1391375.
5, 11131
List the prime factors of 1237296.
2, 3, 149, 173
List the prime factors of 10308.
2, 3, 859
List the prime factors of 240043.
240043
What are the prime factors of 8003784?
2, 3, 333491
List the prime factors of 3047083.
13, 31, 7561
What are the prime factors of 21606084?
2, 3, 600169
List the prime factors of 346532.
2, 41, 2113
List the prime factors of 26951351.
7, 47, 81919
What are the prime factors of 686163?
3, 331, 691
What are the prime factors of 509636?
2, 43, 2963
What are the prime factors of 910630?
2, 5, 7, 13009
What are the prime factors of 232851?
3, 77617
List the prime factors of 93591.
3, 10399
What are the prime factors of 400013?
607, 659
List the prime factors of 104230.
2, 5, 7, 1489
List the prime factors of 3960700.
2, 5, 39607
What are the prime factors of 405018?
2, 3, 22501
List the prime factors of 100237.
100237
What are the prime factors of 111227?
111227
List the prime factors of 4743439.
71, 66809
List the prime factors of 37895.
5, 11, 13, 53
What are the prime factors of 21538214?
2, 227, 47441
What are the prime factors of 1250300?
2, 5, 12503
List the prime factors of 1817240.
2, 5, 181, 251
List the prime factors of 372254.
2, 373, 499
List the prime factors of 6849.
3, 761
List the prime factors of 244091.
244091
What are the prime factors of 5045507?
19, 29, 9157
List the prime factors of 363469.
23, 15803
What are the prime factors of 691036?
2, 172759
List the prime factors of 5681615.
5, 331, 3433
What are the prime factors of 663568?
2, 67, 619
List the prime factors of 192177.
3, 131, 163
List the prime factors of 4226216.
2, 653, 809
What are the prime factors of 16444?
2, 4111
What are the prime factors of 193181?
193181
List the prime factors of 1463209.
11, 19, 7001
What are the prime factors of 18156079?
18156079
What are the prime factors of 4643045?
5, 11, 29, 41, 71
List the prime factors of 15101559.
3, 11, 17, 997
What are the prime factors of 3836867?
3836867
What are the prime factors of 10214108?
2, 2553527
What are the prime factors of 109586?
2, 157, 349
List the prime factors of 26944528.
2, 13, 281, 461
List the prime factors of 1368627.
3, 13, 19, 1847
List the prime factors of 72968.
2, 7, 1303
List the prime factors of 693095.
5, 13, 10663
List the prime factors of 3589619.
11, 59, 5531
What are the prime factors of 17692514?
2, 7, 1263751
What are the prime factors of 405585?
3, 5, 9013
List the prime factors of 2770381.
2770381
List the prime factors of 721363.
721363
List the prime factors of 2407961.
277, 8693
What are the prime factors of 265385?
5, 53077
List the prime factors of 564507.
3, 62723
What are the prime factors of 280856?
2, 35107
What are the prime factors of 7487204?
2, 53, 35317
List the prime factors of 3120400.
2, 5, 29, 269
What are the prime factors of 435165?
3, 5, 67, 433
List the prime factors of 1212283.
1212283
What are the prime factors of 4919705?
5, 7, 29, 37, 131
What are the prime factors of 245301?
3, 7, 11681
What are the prime factors of 1058?
2, 23
List the prime factors of 8349.
3, 11, 23
List the prime factors of 675914.
2, 337957
List the prime factors of 560948.
2, 140237
List the prime factors of 19285.
5, 7, 19, 29
What are the prime factors of 282426?
2, 3, 103, 457
What are the prime factors of 1239251?
13, 95327
List the prime factors of 13714043.
7, 1959149
List the prime factors of 7234806.
2, 3, 1021, 1181
What are the prime factors of 2454657?
3, 818219
What are the prime factors of 240088?
2, 30011
List the prime factors of 1043515.
5, 11, 18973
List the prime factors of 23438.
2, 11719
List the prime factors of 11951065.
5, 7, 341459
List the prime factors of 1965840.
2, 3, 5, 8191
List the prime factors of 195576.
2, 3, 29, 281
List the prime factors of 197410.
2, 5, 19, 1039
List the prime factors of 20349.
3, 7, 17, 19
What are the prime factors of 1641021?
3, 547007
What are the prime factors of 17668003?
353, 50051
What are the prime factors of 271573?
271573
What are the prime factors of 66389?
197, 337
List the prime factors of 243100.
2, 5, 11, 13, 17
List the prime factors of 10996037.
13, 845849
List the prime factors of 577614.
2, 3, 96269
What are the prime factors of 6189918?
2, 3, 7, 293, 503
What are the prime factors of 770381?
31, 24851
List the prime factors of 2555960.
2, 5, 11, 37, 157
What are the prime factors of 2924300?
2, 5, 29243
List the prime factors of 1789213.
29, 103, 599
List the prime factors of 1976202.
2, 3, 109789
What are the prime factors of 177662?
2, 211, 421
List the prime factors of 271217.
271217
What are the prime factors of 292009?
17, 89, 193
List the prime factors of 13845393.
3, 307, 5011
What are the prime factors of 594418?
2, 11, 41, 659
What are the prime factors of 818497?
491, 1667
List the prime factors of 18320510.
2, 5, 13, 53, 2659
What are the prime factors of 15855248?
2, 990953
What are the prime factors of 140314?
2, 70157
List the prime factors of 1355172.
2, 3, 7, 13, 17, 73
What are the prime factors of 346588?
2, 11, 7877
List the prime factors of 390423.
3, 11, 11831
What are the prime factors of 13067764?
2, 17, 192173
List the prime factors of 24482858.
2, 227, 53927
What are the prime factors of 606265?
5, 11, 73, 151
List the prime factors of 320077.
331, 967
What are the prime factors of 1000715?
5, 263, 761
What are the prime factors of 38630?
2, 5, 3863
List the pri